+ 10*b**2 - 33*b + 523. Let a be h(11). Suppose -2*y - 2*y + 500 = -4*r, y + 3*r = 145. Let m = y + a. List the prime factors of m.
13
Let n = 8913 - 5273. List the prime factors of n.
2, 5, 7, 13
Let j(q) = 288*q + 306. List the prime factors of j(14).
2, 3, 241
Let b = -278 + 198. What are the prime factors of (-60144)/b + (-18)/10 + 1?
751
Let i be (-1 - 0)/(4 + (-34)/8). Let d(c) = i - 13*c - 4*c + 7 - 4. List the prime factors of d(-6).
109
Let i(t) = 15*t**2 + 8*t + 66. Let v = 93 + -85. What are the prime factors of i(v)?
2, 5, 109
Suppose -10*g - 25892 = -104672. List the prime factors of g.
2, 3, 13, 101
Suppose 1020 = -6*a + 10518. Let n = a + -426. What are the prime factors of n?
13, 89
Let k = -32 + 28. Let o be k/6*(-63)/14. Suppose u - o*u + 86 = 0. What are the prime factors of u?
43
Let h = 357 + 183. Let d = 616 + h. What are the prime factors of d?
2, 17
Suppose -51*u = 1640 - 15410. What are the prime factors of 23454/u - 2/(-15)?
3, 29
Let a(r) = r**2 - 45*r - 1357. What are the prime factors of a(-35)?
3, 13, 37
Let c = 212 - 30. Let v = c + 314. Suppose -3*y + 41 + v = 0. What are the prime factors of y?
179
Let f = 6 + -2. Let t be 56/f + 3 - 1. Suppose -52 = -r + t. List the prime factors of r.
2, 17
Suppose -4*f - 1323 = -13*f. Let m = f - -214. Let c = 579 - m. List the prime factors of c.
2, 109
Suppose 4 = -2*r + 36. Let i(m) = 5*m + 15 - 4*m**3 - m - r*m**2 + 3*m**3 - 6*m. List the prime factors of i(-16).
47
Let s(d) = 3*d**2 + 5*d - 19. Let p be s(9). Suppose 21*q - 20*q = -p. Let l = q - -382. What are the prime factors of l?
113
Let y(o) = 2795*o**3 - 3*o**2 + 17*o - 21. List the prime factors of y(2).
59, 379
Let j = 17970 - 6730. What are the prime factors of j?
2, 5, 281
List the prime factors of (75514/66 - (-8)/44) + (-36)/(-54).
5, 229
Suppose -5*k = -1502*u + 1500*u + 7812, u - 3907 = 3*k. List the prime factors of u.
47, 83
Let w(k) = 95*k - 59 - 112*k + 803. List the prime factors of w(0).
2, 3, 31
Suppose 0 = 74*x - 87*x + 45487. List the prime factors of x.
3499
Let i(n) = -26 + 9 - 13 - 68*n + 0*n. What are the prime factors of i(-7)?
2, 223
Suppose -5*v + 6311 = -5*y + 63951, 0 = y + 3. What are the prime factors of (-2)/(38/v) - 46/(-437)?
607
Suppose -5*g = 4*w - 1, 0 = 2*w - 4*g - g - 23. Suppose x = -5*v - 0*x + 475, -114 = -v - w*x. Suppose v*r - 95*r + 78 = 0. What are the prime factors of r?
2, 3, 13
Suppose -3*v = 2*y + 901 - 2800, -y - 5*v = -932. Suppose -50*n + 47*n + y = 0. List the prime factors of n.
11, 29
Let p(j) = -13*j**2 + 102*j - 1. What are the prime factors of p(6)?
11, 13
Let a = 586 - 416. Let s = -142 + a. List the prime factors of s.
2, 7
Let i be (1 + 3 - 25)*-1. Let a = i + -21. Suppose 151 = 3*w - 2*m + m, 5*w + m - 265 = a. What are the prime factors of w?
2, 13
Let y = -5620 - -11460. What are the prime factors of y?
2, 5, 73
Suppose 0 = 4*u - 2*a - 46, 11 - 40 = -u - 3*a. Suppose 5968 = -5*z - 11912. List the prime factors of 3*4/(-28) - z/u.
3, 5, 17
Let n(r) = 478*r**3 + 4*r**2 + 4*r - 10. List the prime factors of n(4).
2, 15331
Let m(q) = q**3 + 17*q**2 + 8. Let z be m(-17). Suppose -c + 3*v + 3 = -z, 12 = 2*c - 4*v. Let w(l) = l**3 + 6*l**2 + 7*l + 10. List the prime factors of w(c).
2, 7
Let s(j) = -2*j - 2*j**2 + 36*j**2 + 5*j**2 + j. Let h be s(-1). What are the prime factors of (-1)/(-8) - (-395)/h?
2, 5
Let z(u) = -u**3 + 6*u**2 + 2. Let x be z(6). Let j = -1032 - -1034. Suppose 0 = x*b - 5*m - 196, 404 = 6*b - j*b - 4*m. What are the prime factors of b?
103
Let f(w) = 16*w**3 - 15*w**2 + 36*w + 64. What are the prime factors of f(8)?
2, 3, 79
Suppose 236*i - 193792 = 172*i. What are the prime factors of i?
2, 757
Suppose k = 2*s - 3*k + 776, -2*k - 380 = s. Let a = 1456 + s. What are the prime factors of a?
2, 67
Suppose 145 = 7*h + 117. Suppose h = 4*g, 0 = 2*v - 6*v - 2*g + 470. List the prime factors of v.
3, 13
Suppose -4*y = 3*d - 27536, 61*y = 62*y - 5*d - 6884. What are the prime factors of y?
2, 1721
Let r = 185 + -201. What are the prime factors of (-20)/1*60/r?
3, 5
Suppose -22*j + 18*j - 70273 = -5*h, -4*h + j + 56225 = 0. What are the prime factors of h?
14057
Let r = -8 - -52. Let o = r - 15. Let f = o - -22. What are the prime factors of f?
3, 17
Suppose 3*j - 18 = 9*v - 12*v, -v = 3*j - 12. Suppose j*y - 468 = 2*y. List the prime factors of y.
2, 3, 13
Let u(t) = -432*t - 41. Let g be u(-4). What are the prime factors of g/14*14/7?
241
Let v = 48 - 77. Let r = 31 + v. List the prime factors of 0/5 - r - -136.
2, 67
What are the prime factors of 8 + 19948 + 1 + (4 - (2 + -6))?
3, 5, 11
Let u = 1132 + -3736. Let h = u - -3745. List the prime factors of h.
7, 163
Suppose 0 = -41*x - 52*x + 30*x + 973980. What are the prime factors of x?
2, 5, 773
Suppose 0 = 21*u - 23*u + 406. Suppose u = z + 36. Suppose -4*b - 3*x + z = -2*x, 4*b + 2*x = 170. List the prime factors of b.
41
Suppose 0 = 3*q + 122 - 137. Suppose 0 = -a + 2*u, 3*u - 7 = -q*a + 6*u. Suppose i + 4*m - 194 = a*m, 388 = 2*i - 2*m. List the prime factors of i.
2, 97
Suppose -7 - 8 = -5*m, 4*a - 35 = -5*m. Suppose -a*r + 2427 - 107 = 0. What are the prime factors of r?
2, 29
Let z be 9*(0 - -2 - (-17)/(-3)). What are the prime factors of z/1*102/(-9)?
2, 11, 17
Let u = 13641 + 3484. What are the prime factors of u?
5, 137
List the prime factors of ((-73210)/(-15))/(203/21 + -9).
7321
Let f(c) = -305*c - 1278. What are the prime factors of f(-42)?
2, 3, 31
What are the prime factors of 9804*((-108)/(-72))/(9/2)?
2, 19, 43
Let m(b) = 66*b**2 + 117*b + 1916. List the prime factors of m(-14).
2, 6607
Let w(s) = 146*s + 11. Let x be w(4). Suppose h = y - 3, -4*y + 2*h - 4*h + 12 = 0. Suppose b - g = 198, 3*b - y*g + g - x = 0. What are the prime factors of b?
199
Suppose -1 = 5*o + 2*h, -o + 2*h = 2*o + 7. Let b be 1/o + 2 + (-4)/(-4). Suppose -4*a + 339 = -3*m, 3*m = -1 - b. List the prime factors of a.
2, 3, 7
Suppose 527*g - 590*g + 628677 = 0. List the prime factors of g.
17, 587
Let l(u) = -6*u**2 + 2*u - 45*u**3 - 9 + 96*u**3 - 50*u**3. Let o be l(6). Suppose -16 = o*i - 40. What are the prime factors of i?
2
Let h(z) = -z**3 + 2*z + 3. Let t be h(-2). Suppose -u - 5664 = -t*u. Suppose 3*l - 412 - 295 = -2*m, 4*l + 3*m - u = 0. List the prime factors of l.
233
Let u(v) = -14*v**2 + 25*v - 1. Let s be u(13). List the prime factors of (-18)/(-48) + s/(-16).
2
Let s(l) be the third derivative of 13*l**5/30 + 3*l**4/4 + 2*l**3/3 + 18*l**2 - 1. What are the prime factors of s(3)?
2, 73
Let i = 118 - 29. Suppose 0 = -2*j - 6, 4*m - i = -3*j + 30. What are the prime factors of (10/7)/(m/112)?
5
Let a be 48/(6 - -2) - -4804. Suppose -2*y = d - 961, 33*d + 5*y = 28*d + a. What are the prime factors of d?
3, 107
Let a be 217 - -6 - (0 + -3). Let p = -146 + a. Let l = 147 - p. List the prime factors of l.
67
Let m = 63 + 43. Suppose -2*c - 10 = 0, 4*c + m = a + c. List the prime factors of a.
7, 13
Let x(p) = 462*p + 110. List the prime factors of x(8).
2, 11, 173
Suppose -4*i + 14 = 174. Let k be ((-4)/5)/(16/i). List the prime factors of (-9)/k*(-100)/15.
2, 3, 5
Suppose -83044 = -28*g + 78264. What are the prime factors of g?
7, 823
Let g(x) = x**3 + 6*x**2 + 9*x + 14. Let u be g(-4). Suppose -2*w = 0, -14*t = -u*t + 5*w - 1700. List the prime factors of t.
5, 17
Let j be ((-721)/5)/((-13)/65). Let w = 806 + j. What are the prime factors of w?
3, 509
Let x be (8/10)/((-14)/(-35)). Suppose -154 = -3*k + k + x*c, c + 150 = 2*k. Suppose -t = 26 - k. What are the prime factors of t?
47
Let y(c) = -c**3 + 10*c**2 + 16. Let r be y(10). Let g be 2/r*2 - 940/(-80). Suppose 0 = 3*p + g, 290 = 2*b + b - 2*p. What are the prime factors of b?
2, 47
Let u(t) = -2*t**3 - 5*t**2 + 4*t + 6. Let p be u(-3). List the prime factors of (-3 - 729/18)*(-14)/p.
7, 29
Let f be (5 + 12)/((-4)/88). Let t = f + 537. What are the prime factors of t?
163
Suppose 0 = 516*v - 515*v - 2*z - 41628, -v = -4*z - 41624. List the prime factors of v.
2, 1301
Suppose 3*c = 7 - 1. Let z(r) = 1 + 1 - 5 - 3*r + c. What are the prime factors of z(-11)?
2
Let n = 5150 - -10478. What are the prime factors of n?
2, 3907
Suppose 0 = 39*c - 170107 - 134249. What are the prime factors of c?
2, 1951
Let v(o) be the second derivative o